be b(6). Suppose -4*o + f = 4*k - 6*o, 0 = 2*o + 4. Is k a prime number?
True
Let u(t) = -4*t**3 + 4*t + 5. Is u(-5) a composite number?
True
Suppose -2*s - 16 = 2*s. Let f = s + -2. Let o(v) = -v**3 - 5*v**2 + 4*v - 5. Is o(f) prime?
True
Let k(b) = -3*b**2 + b + 1. Let v be k(-1). Let i = v + 35. Is 0/3 + 1 + i a composite number?
True
Let h(g) = 6*g**3 - 3*g**2 - g + 5. Is h(4) composite?
False
Is ((-4)/2)/(18/(-4977)) a composite number?
True
Suppose 28 = 4*p + 5*t, p - 3*t + 4*t = 6. Suppose -3*n = -5*i + 166, p*n - 5*n - 96 = -3*i. Is i composite?
True
Let c(g) = g - 1. Let q be c(3). Let n be -2 + 8/q + -2. Suppose n*o + 95 = 5*o. Is o composite?
False
Let q = -1324 + 1937. Is q a prime number?
True
Let h = 23 + -16. Suppose -2*a + 3*u - h*u = -322, 3*u - 477 = -3*a. Is a prime?
True
Suppose n = -3*n - 2*z + 1172, -1465 = -5*n + 3*z. Is n prime?
True
Let t be (-26)/10 + 12/(-30). Let a = 3 + t. Suppose -5*u - 26 = -b - b, 5*b + 2*u - 123 = a. Is b a prime number?
True
Is 23520/8 - 1/1 prime?
True
Let k be 2 - (9/3 + -1). Suppose -z + 0*o + 2*o + 12 = k, -2*z = -3*o - 20. Suppose -z*a + 14 = 2. Is a composite?
False
Let y(n) be the second derivative of 4*n**4/3 - 5*n**3/6 + 6*n**2 - 7*n. Is y(-5) composite?
True
Let f(l) = l**3 + l - 45. Let q be f(0). Let u = 150 - 314. Let j = q - u. Is j a prime number?
False
Let a be 0 - (-3)/((-9)/(-318)). Suppose -2*s - a - 70 = 0. Let b = -2 - s. Is b composite?
True
Let u = -5 + 2. Let g(n) be the first derivative of -n**4/2 - 2*n**3/3 - n**2/2 - 2*n - 2. Is g(u) a prime number?
True
Let l(n) = n**2 + 2*n + 2. Let h be l(-2). Suppose b + 2*t = -2*b + 657, -5*b = -h*t - 1095. Is b a prime number?
False
Let f = -1 - -8. Is (f + -120)/(-1*1) prime?
True
Suppose n + 5*x = 10, -4*x - 16 = -2*n - 2*n. Let s = -5 + n. Suppose 0 = 3*d - 9, k - 5 = -d - s*d. Is k composite?
False
Suppose 5*z + 2*c + 290 = 0, 40 = -z - 0*z - 4*c. Let b = 93 + z. Is b composite?
True
Let z(c) = -c**2 + 9*c - 5. Let s be z(8). Suppose -86 - 34 = s*o. Let h = o + 129. Is h prime?
True
Let n = 2 - -10. Suppose -12 = -2*i + n. Suppose 0 = 3*d - 0*d - i. Is d composite?
True
Is (-663 - -1)*5/(-10) a prime number?
True
Let u(t) be the first derivative of -t**2/2 + 11*t - 1. Is u(0) prime?
True
Let c(p) = -p**2 + 6*p + 7. Let r(o) = -o**2 + 6*o + 7. Let i(a) = 3*c(a) - 4*r(a). Let u be i(7). Suppose u = -w + 13 + 52. Is w composite?
True
Suppose 0 = -2*f - 3*f - 5. Let w(l) = -84*l**3 - l**2 + l + 1. Is w(f) a composite number?
False
Let q(g) = 14*g - 3. Let i be q(2). Suppose 5*d = 10 + i. Is d a prime number?
True
Suppose 0 = -0*v - v + 4. Let c = 15 + v. Is c composite?
False
Let q(s) = 31*s - 7. Is q(6) a prime number?
True
Let g = -11 - -13. Is 531/2 + g/(-4) composite?
True
Let a(l) = 2*l**2 + 4*l - 8. Let w be a(7). Let k = w - 41. Is k composite?
True
Suppose 5*j - 422 = -122. Is 1/(j/57 - 1) a composite number?
False
Let w = -5 + 3. Let g be (-3)/(-6) - 7/w. Is 1/(g/38)*2 prime?
True
Let m be 0 + (-2 - -2) + 0. Suppose -b - 114 = -4*b. Suppose m*v = v - b. Is v composite?
True
Suppose 5*j - 8 - 2 = 0. Suppose -j*z = 5*h + z - 44, 5*h + z - 38 = 0. Is h a composite number?
False
Suppose -5*u + 129 = i, -47 - 308 = -3*i + u. Is i prime?
False
Let m = 8 + -5. Suppose -m*z = -2*z. Is -2 + z/3 - -37 a composite number?
True
Is (-9 - 4)*(-87)/3 composite?
True
Let s = -27 + 138. Suppose p + s = 2*p. Is p prime?
False
Is -1 - (-3 + 3 + -60) a composite number?
False
Let p(i) = -7*i + 3. Is p(-4) composite?
False
Let r be 4/3*420/8. Let n = r - 15. Is n prime?
False
Suppose 2*v = 571 - 149. Is v composite?
False
Suppose -3*q - 380 = 4*p, 4*q + 591 - 97 = p. Let g = -87 - q. Is g a composite number?
False
Suppose 5*b - 4 = 4*r + 59, 4*b + r - 42 = 0. Is 6/(-33) - (-585)/b a composite number?
False
Suppose 3*x + 7604 = 7*x. Is x composite?
False
Suppose 0*w - w = v - 78, -w = 0. Let r = 145 - v. Is r prime?
True
Let b(c) be the first derivative of c**4/4 + 7*c**3/3 + 3*c**2 + 4*c - 3. Let h be b(-6). Suppose -4 = z, -h*k = k - z - 359. Is k a prime number?
True
Let x be (-3 + (0 - -2))*-2. Let f(k) = k**2 - 1. Is f(x) a prime number?
True
Suppose 0*l + 532 = 4*l - f, 2*f + 260 = 2*l. Is l composite?
True
Suppose 2*v + 39 = -119. Let g be 2/(-1) + 131 - -1. Let o = g + v. Is o a composite number?
True
Let h = 11 - 4. Let w(l) = l**2 - 4*l - 5. Let a be w(5). Suppose o + h - 74 = a. Is o composite?
False
Let c(g) = -415*g - 4. Is c(-1) composite?
True
Let x(v) = -v**3 + 10*v**2 + 4*v + 11. Is x(10) a prime number?
False
Let s = 5 - 0. Suppose s*h + 235 = 1035. Let y = h - 107. Is y composite?
False
Suppose 5*d - 855 = -y - 0*y, 4*d - 695 = -3*y. Suppose 0 = -5*v, 2*v + d = 2*w - 12. Is w a prime number?
False
Suppose -f = -0*f - n - 7, -3*f - 4*n + 14 = 0. Let y(d) = 3*d**2 - 3*d - 1. Let p be y(3). Suppose a = p - f. Is a a composite number?
False
Suppose 2*s + g = -3*g + 270, 2*s - 252 = 5*g. Is s prime?
True
Let t be (6/4)/(1/2). Suppose t*z = -z + 88. Is z a prime number?
False
Let q = 11 - 8. Suppose -q*d + 131 + 13 = -5*g, -4*g - 94 = -2*d. Is d composite?
False
Let x(y) = 14*y + 9. Suppose 0 = 3*l - 10 - 14. Let w be x(l). Suppose 0*g + 3*g = 2*d - 54, -5*d + w = -4*g. Is d a composite number?
True
Suppose -4*i + q = -1468 - 1696, -3*q = i - 791. Is i a prime number?
False
Let h = 1960 + -990. Suppose 2*n - h = -3*j, 5*j - 305 = -4*n + 1313. Suppose -6*w + j = 4*p - 3*w, -3*p + 3*w + 231 = 0. Is p a composite number?
False
Suppose 5*w - 1074 = 571. Is w prime?
False
Let p = -52 - -96. Let k be (-1)/2*-2 + 2. Suppose -k*n - n = -p. Is n prime?
True
Let d(y) = 3*y - 3. Let h be d(-3). Is (h/(-10))/((-2)/(-55)) a composite number?
True
Suppose 0 = -2*d - 10, v - d - 5 + 29 = 0. Let j = 24 - v. Is j prime?
True
Suppose -12 = -4*q, -3*q = -2*m - 2*m + 739. Is m a composite number?
True
Let k = 0 - -2. Suppose -4 = -k*b - 0*b. Let g(j) = 8*j**3 + 2*j - 1. Is g(b) a composite number?
False
Is (4/(-8) + 1)*382 prime?
True
Suppose 0 = -n - 3, -2*b + 3*n + 518 = -n. Is b prime?
False
Let v(m) = -m**3 + 11*m**2 + 6*m + 7. Let h(k) = k**2 + k + 9. Let t be h(0). Is v(t) composite?
False
Let o = -62 - 76. Let b = 295 + o. Is b composite?
False
Let n(b) = 6*b + 7. Let k(d) = -d**3 + 10*d**2 - 7*d - 13. Let r be k(9). Is n(r) a prime number?
True
Let b = 9 + -4. Let k be (6/(-5))/((-2)/b). Suppose -4*d + 31 = -k*d. Is d composite?
False
Suppose 0 = -2*a - 2*a - 12. Is (-449)/a - 10/15 a prime number?
True
Let x(q) = 2*q + 15. Let b be x(-5). Let y(t) = 11*t**2 - 4*t - 8. Is y(b) composite?
True
Suppose 9*z + 3*m = 4*z + 2401, 3*z + m - 1443 = 0. Let s = 777 - z. Is s a prime number?
False
Suppose 2*h + 0*h - 19 = 5*z, 2*h + 3*z + 5 = 0. Suppose b - 66 = -h*b. Is b a composite number?
True
Let x = 68 + -158. Let z = x - -152. Suppose -5*t = -2*v + 27, -3*v - 2*t = -v - z. Is v a prime number?
False
Let t = 1895 - 1228. Is t a composite number?
True
Suppose 4*f - 2*l = -f + 1425, -855 = -3*f - 3*l. Suppose 0 = -a + 5*x + 31, -a + 38 - 12 = -4*x. Suppose -a*b + b = -f. Is b composite?
True
Let j = -7730 + 15999. Is j a composite number?
False
Suppose 5*k + 2*f = 5511, 0*k + 3*k + f - 3306 = 0. Is k a composite number?
True
Let u = -56 - -111. Is u prime?
False
Suppose 3*z - 5*a + 4 = -0*a, -5*z - 2*a + 14 = 0. Let t(c) = 2 - 1 - 2 + 26*c + 2. Is t(z) composite?
False
Let v(q) = -q**3 + 6*q**2 - 3*q - 1. Let y be v(3). Suppose y + 7 = 4*m. Suppose -m*r = -3*r - 42. Is r composite?
True
Suppose 0 = 4*l - 9*l + 1080. Let f be (10/(-4))/((-2)/4). Suppose -170 = -f*p + p + 2*u, -u + l = 5*p. Is p composite?
False
Let h be (30/(-8))/((-1)/4). Let p = 1 + h. Is (52/(-16))/((-2)/p) a prime number?
False
Suppose 3*p = n + 285, -2*p + 8*n - 3*n = -203. Is p composite?
True
Let f = 473 + -220. Is f prime?
False
Let n(p) = -p. Let t be n(-4). Suppose 0 = -r - 0 + t. Suppose 2*g = 5*h - 97, -h + 0*g - r*g = -15. Is h a composite number?
False
Suppose -4*q = 16, 2*q = -2*d - 2*q + 70. Suppose d = -0*t + t - 4*z, 4*z - 59 = -t. Is t a composite number?
True
Suppose 10*i = 6*i + 6332. Is i prime?
True
Suppose -4*b - 2 = -g - 0*b, b = 5*g - 48. Let q(s) = s**2 - 4*s - 9. Is q(g) a composite number?
True
Let p(w) be the first derivative of w**4/4 + 5*w**3/3